{"id":2,"date":"2018-06-27T14:36:02","date_gmt":"2018-06-27T14:36:02","guid":{"rendered":"http:\/\/zts.psoni.czest.pl\/?page_id=2"},"modified":"2018-08-28T11:26:21","modified_gmt":"2018-08-28T11:26:21","slug":"about","status":"publish","type":"page","link":"http:\/\/zts.psoni.czest.pl\/?page_id=2","title":{"rendered":"O projekcie"},"content":{"rendered":"<p>Projekt \u201e\u017bycie to sztuka\u201d wsp\u00f3\u0142finansowany ze \u015brodk\u00f3w otrzymanych od Zleceniodawcy w ramach Programu Fundusz Inicjatyw Obywatelskich na lata 2014-2020.<\/p>\n<p>Projekt skierowany jest do 45 os\u00f3b z niepe\u0142nosprawno\u015bci\u0105 intelektualn\u0105 powy\u017cej 18 roku \u017cycia zamieszka\u0142ych na ternie miasta i powiatu cz\u0119stochowskiego. Ma obejmowa\u0107 takie dzia\u0142ania jak: strefa dziennikarska, strefa fotograficzno-filmowa, strefa graficzna, strefa gastronomiczna i strefa teatralna. G\u0142\u00f3wny cel to wyr\u00f3wnywanie szans, integracja ze \u015brodowiskiem zewn\u0119trznym i zmniejszenie ryzyka wykluczenia spo\u0142ecznego dla 45 os\u00f3b z niepe\u0142nosprawno\u015bci\u0105 intelektualn\u0105, poprzez edukacj\u0119 i utworzenie kompleksowych form aktywnego uczestnictwa w \u017cyciu spo\u0142ecznym zamieszka\u0142ych na terenie powiatu cz\u0119stochowskiego w terminie 01.05.2018-31.12.2018. Zaj\u0119cia w du\u017cej mierze b\u0119d\u0105 polega\u0142y na praktycznych \u0107wiczeniach z zakresu dziennikarstwa, filmu, gastronomi i sztuki teatralnej. Przyczyni\u0105 si\u0119 do wzrostu aktywno\u015bci w \u017cyciu spo\u0142ecznym i umiej\u0119tno\u015bci praktycznych uczestnik\u00f3w, pozwoli na utworzenie trwa\u0142ych narz\u0119dzi jak gazeta, blog, relacja filmowa, co pozwoli na bli\u017csz\u0105 relacj\u0119 z otoczeniem.<\/p>\n<p><b>Zadanie publiczne jest wsp\u00f3\u0142finansowane ze \u015brodk\u00f3w otrzymanych od Zleceniodawcy w ramach Programu Fundusz Inicjatyw Obywatelskich na lata 2014-2020<\/b><\/p>\n<p style=\"text-align: center;\"><a href=\"http:\/\/zts.psoni.czest.pl\/wp-content\/uploads\/2018\/07\/fio-logo.jpg\"><img loading=\"lazy\" class=\"alignnone size-medium wp-image-475\" src=\"http:\/\/zts.psoni.czest.pl\/wp-content\/uploads\/2018\/07\/fio-logo-300x195.jpg\" alt=\"\" width=\"300\" height=\"195\" srcset=\"http:\/\/zts.psoni.czest.pl\/wp-content\/uploads\/2018\/07\/fio-logo-300x195.jpg 300w, http:\/\/zts.psoni.czest.pl\/wp-content\/uploads\/2018\/07\/fio-logo-768x500.jpg 768w, http:\/\/zts.psoni.czest.pl\/wp-content\/uploads\/2018\/07\/fio-logo-1024x667.jpg 1024w, http:\/\/zts.psoni.czest.pl\/wp-content\/uploads\/2018\/07\/fio-logo.jpg 1093w\" sizes=\"(max-width: 300px) 100vw, 300px\" \/><\/a><\/p>\n","protected":false},"excerpt":{"rendered":"<p>Projekt \u201e\u017bycie to sztuka\u201d wsp\u00f3\u0142finansowany ze \u015brodk\u00f3w otrzymanych od Zleceniodawcy w ramach Programu Fundusz Inicjatyw Obywatelskich na lata 2014-2020. Projekt skierowany jest do 45 os\u00f3b z niepe\u0142nosprawno\u015bci\u0105 intelektualn\u0105 powy\u017cej 18 roku \u017cycia zamieszka\u0142ych na ternie miasta i powiatu cz\u0119stochowskiego. Ma obejmowa\u0107 takie dzia\u0142ania jak: strefa dziennikarska, strefa fotograficzno-filmowa, strefa graficzna, strefa gastronomiczna i strefa teatralna. [&hellip;]<\/p>\n","protected":false},"author":1,"featured_media":0,"parent":0,"menu_order":0,"comment_status":"open","ping_status":"open","template":"","meta":[],"_links":{"self":[{"href":"http:\/\/zts.psoni.czest.pl\/index.php?rest_route=\/wp\/v2\/pages\/2"}],"collection":[{"href":"http:\/\/zts.psoni.czest.pl\/index.php?rest_route=\/wp\/v2\/pages"}],"about":[{"href":"http:\/\/zts.psoni.czest.pl\/index.php?rest_route=\/wp\/v2\/types\/page"}],"author":[{"embeddable":true,"href":"http:\/\/zts.psoni.czest.pl\/index.php?rest_route=\/wp\/v2\/users\/1"}],"replies":[{"embeddable":true,"href":"http:\/\/zts.psoni.czest.pl\/index.php?rest_route=%2Fwp%2Fv2%2Fcomments&post=2"}],"version-history":[{"count":3,"href":"http:\/\/zts.psoni.czest.pl\/index.php?rest_route=\/wp\/v2\/pages\/2\/revisions"}],"predecessor-version":[{"id":1159,"href":"http:\/\/zts.psoni.czest.pl\/index.php?rest_route=\/wp\/v2\/pages\/2\/revisions\/1159"}],"wp:attachment":[{"href":"http:\/\/zts.psoni.czest.pl\/index.php?rest_route=%2Fwp%2Fv2%2Fmedia&parent=2"}],"curies":[{"name":"wp","href":"https:\/\/api.w.org\/{rel}","templated":true}]}}

<p>Projekt „Życie to sztuka” współfinansowany ze środków otrzymanych od Zleceniodawcy w ramach Programu Fundusz Inicjatyw Obywatelskich na lata 2014-2020.</p>
<p>Projekt skierowany jest do 45 osób z niepełnosprawnością intelektualną powyżej 18 roku życia zamieszkałych na ternie miasta i powiatu częstochowskiego. Ma obejmować takie działania jak: strefa dziennikarska, strefa fotograficzno-filmowa, strefa graficzna, strefa gastronomiczna i strefa teatralna. Główny cel to wyrównywanie szans, integracja ze środowiskiem zewnętrznym i zmniejszenie ryzyka wykluczenia społecznego dla 45 osób z niepełnosprawnością intelektualną, poprzez edukację i utworzenie kompleksowych form aktywnego uczestnictwa w życiu społecznym zamieszkałych na terenie powiatu częstochowskiego w terminie 01.05.2018-31.12.2018. Zajęcia w dużej mierze będą polegały na praktycznych ćwiczeniach z zakresu dziennikarstwa, filmu, gastronomi i sztuki teatralnej. Przyczynią się do wzrostu aktywności w życiu społecznym i umiejętności praktycznych uczestników, pozwoli na utworzenie trwałych narzędzi jak gazeta, blog, relacja filmowa, co pozwoli na bliższą relację z otoczeniem.</p>
<p><b>Zadanie publiczne jest współfinansowane ze środków otrzymanych od Zleceniodawcy w ramach Programu Fundusz Inicjatyw Obywatelskich na lata 2014-2020</b></p>
<p style="text-align: center;"><a href="http://zts.psoni.czest.pl/wp-content/uploads/2018/07/fio-logo.jpg"><img loading="lazy" class="alignnone size-medium wp-image-475" src="http://zts.psoni.czest.pl/wp-content/uploads/2018/07/fio-logo-300x195.jpg" alt="" width="300" height="195" srcset="http://zts.psoni.czest.pl/wp-content/uploads/2018/07/fio-logo-300x195.jpg 300w, http://zts.psoni.czest.pl/wp-content/uploads/2018/07/fio-logo-768x500.jpg 768w, http://zts.psoni.czest.pl/wp-content/uploads/2018/07/fio-logo-1024x667.jpg 1024w, http://zts.psoni.czest.pl/wp-content/uploads/2018/07/fio-logo.jpg 1093w" sizes="(max-width: 300px) 100vw, 300px" /></a></p>

<p>Projekt „Życie to sztuka” współfinansowany ze środków otrzymanych od Zleceniodawcy w ramach Programu Fundusz Inicjatyw Obywatelskich na lata 2014-2020. Projekt skierowany jest do 45 osób z niepełnosprawnością intelektualną powyżej 18 roku życia zamieszkałych na ternie miasta i powiatu częstochowskiego. Ma obejmować takie działania jak: strefa dziennikarska, strefa fotograficzno-filmowa, strefa graficzna, strefa gastronomiczna i strefa teatralna. [&hellip;]</p>
