{"id":468,"date":"2018-08-27T05:14:49","date_gmt":"2018-08-27T05:14:49","guid":{"rendered":"http:\/\/zts.psoni.czest.pl\/?page_id=468"},"modified":"2018-08-27T05:14:49","modified_gmt":"2018-08-27T05:14:49","slug":"o-stowarzyszeniu","status":"publish","type":"page","link":"http:\/\/zts.psoni.czest.pl\/?page_id=468","title":{"rendered":"O Stowarzyszeniu"},"content":{"rendered":"<p><strong>Misj\u0105 Stowarzyszenia<\/strong> <strong>jest<\/strong> <em>(art.3<a href=\"https:\/\/psoni.org.pl\/misja-stowarzyszenia\/#_ftn1\" name=\"_ftnref1\"><strong>\u2018 <\/strong><\/a>Statutu)<\/em>:<\/p>\n<ul>\n<li><strong>dbanie o godno\u015b\u0107, szcz\u0119\u015bcie i jako\u015b\u0107 \u017cycia os\u00f3b z niepe\u0142nosprawno\u015bci\u0105 intelektualn\u0105, ich r\u00f3wnoprawne miejsce w rodzinie i w spo\u0142ecze\u0144stwie,<\/strong><\/li>\n<li><strong>wspieranie rodzin os\u00f3b z niepe\u0142nosprawno\u015bci\u0105 intelektualn\u0105 we wszystkich obszarach \u017cycia i sytuacjach, a zw\u0142aszcza w ich gotowo\u015bci niesienia pomocy innym.<\/strong><\/li>\n<\/ul>\n<p><strong>Celem Stowarzyszenia<\/strong> jest <em>(<\/em><em>art.4 Statutu<\/em><em>)<\/em><\/p>\n<p>dzia\u0142anie na rzecz wyr\u00f3wnywania szans os\u00f3b z niepe\u0142nosprawno\u015bci\u0105 intelektualn\u0105, tworzenia warun\u00adk\u00f3w prze\u00adstrzegania wobec nich praw cz\u0142owieka, prowadzenia ich ku aktywnemu uczestnictwu w \u017cyciu spo\u0142ecznym, dzia\u0142anie na rzecz ochrony ich zdrowia oraz wspie\u00adranie ich rodzin.<\/p>\n<p><strong>Cele Stowarzyszenie realizuje<\/strong> przez <em>(<\/em><em>art.5 Statutu<\/em><em>)<\/em><em>:<\/em><\/p>\n<ul>\n<li>Inicjowanie i wyst\u0119powanie z wnioskami o uregulowania prawne gwarantuj\u0105ce przestrzeganie praw cz\u0142owieka wobec os\u00f3b z niepe\u0142nosprawno\u015bci\u0105 intelektualn\u0105 i zaspokajanie ich po\u00adtrzeb w zakresie opieki medycznej, rehabilitacji, edukacji, szkolenia zawodowego i ustawicznego, pracy, miesz\u00adkalnictwa, niezb\u0119dnej opieki, udzia\u0142u w kulturze i rekreacji w in\u00adtegracji z otwartym \u015brodowiskiem, a tak\u017ce wspierania w samodzielnym, niezale\u017cnym \u017cyciu oraz zabezpieczenia socjalnego, ochrony i pomocy prawnej.<\/li>\n<\/ul>\n<ul>\n<li>Inicjowanie i wyst\u0119powanie z wnioskami o uregulowania prawne w\u00a0zakresie niezb\u0119dnych form pomocy dla rodzin i opie\u00adkun\u00f3w os\u00f3b z\u00a0niepe\u0142nosprawno\u015bci\u0105 intelektualn\u0105.<\/li>\n<\/ul>\n<ul>\n<li>Inicjowanie i wyst\u0119powanie z wnioskami o uregulowania prawne w sprawie tworzenia dzieciom i doros\u0142ym osobom z niepe\u0142nosprawno\u015bci\u0105 intelektualn\u0105, przebywaj\u0105cym w plac\u00f3wkach opieki ca\u0142kowitej, sprzyjaj\u0105cych warunk\u00f3w rozwoju, godnego \u017cycia w integracji z otwartym \u015brodowiskiem tak dalece, jak tylko jest to mo\u017cliwe oraz przestrzegania wobec nich praw cz\u0142owieka.<\/li>\n<\/ul>\n<ul>\n<li>Tworzenie osobom z niepe\u0142nosprawno\u015bci\u0105 intelektualn\u0105 warun\u00ad\u00adk\u00f3w decydowania w swoich sprawach zar\u00f3wno w ro\u00addzinach, jak i w plac\u00f3wkach oraz w formach wsparcia, z kt\u00f3rych korzystaj\u0105.<\/li>\n<\/ul>\n<ul>\n<li>Udzielanie wsparcia swoim cz\u0142onkom z niepe\u0142nosprawno\u015bci\u0105 intelektualn\u0105, aby sami mogli wyst\u0119powa\u0107 w swoim imie\u00adniu, mi\u0119\u00addzy innymi poprzez doradztwo, szkolenie, asystowa\u00adnie i opiek\u0119 prawn\u0105, a tak\u017ce wyst\u0119powanie w interesie indywidualnych os\u00f3b z niepe\u0142nosprawno\u015bci\u0105 intelektualn\u0105.<\/li>\n<\/ul>\n<ul>\n<li>Tworzenie warunk\u00f3w w\u0142\u0105czania dzieci, m\u0142odzie\u017cy i doros\u0142ych, jako indywidualnych os\u00f3b i jako grup, w tok normalnego \u017cycia, korzystania przez nich z og\u00f3lnodost\u0119pnej infrastruktury spo\u0142ecznej i form \u017cycia spo\u0142ecznego, z zapewnieniem im, w razie potrzeby, odpowied\u00adniego wsparcia, zw\u0142aszcza w postaci specjalistycznej pomocy, doradztwa i asysty.<\/li>\n<\/ul>\n<ul>\n<li>Prowadzenie r\u00f3\u017cnorodnych us\u0142ug, m.in. w formie plac\u00f3wek i zespo\u0142\u00f3w kompleksowej, wielospecjalistycznej pomocy, w szczeg\u00f3lno\u015bci w zakresie wczesnej interwencji, rehabilitacji, dzia\u0142alno\u015bci leczniczej, terapii, edukacji, rewalidacji i wychowania, m.in. w ramach wychowania przedszkolnego, wczesnego wspomagania rozwoju, realizacji obowi\u0105zku szkolnego i obowi\u0105zku nauki, a tak\u017ce edukacji obywatelskiej, wypoczynku oraz dzia\u0142alno\u015bci rehabilitacyjno-rekreacyjnej, kulturalnej, sportowej i innej wynikaj\u0105cej z idei aktywnego \u017cycia przy pe\u0142nym w\u0142\u0105czeniu w \u017cycie grup r\u00f3wie\u015bniczych i lokalnej spo\u0142eczno\u015bci; organizowanie dowozu itp., z uwzgl\u0119dnieniem niezb\u0119dnej opieki we wszystkich formach.<\/li>\n<\/ul>\n<ul>\n<li>Prowadzenie dla os\u00f3b doros\u0142ych form indywidualnego wsparcia w niezale\u017cnym, samodzielnym \u017cyciu (m. in. w formie asystenta osobistego), r\u00f3\u017cnych form mieszkalnictwa, w tym chronionego i wspomaganego, szkolenia zawodowego i przygotowania do pracy oraz aktywnego poszukiwania i po\u015brednictwa pracy, zatrudnienia chronionego i wspomaga\u00adnego na otwartym rynku pracy, a tak\u017ce edukacji ustawicznej.<\/li>\n<\/ul>\n<ul>\n<li>Inicjowanie i prowadzenie r\u00f3\u017cnorodnych form pomocy rodzinom, a w szczeg\u00f3lno\u015bci:\n<ul>\n<li>grup samopomocowych,<\/li>\n<li>grup wsparcia,<\/li>\n<li>us\u0142ug wspomagaj\u0105cych rodzin\u0119 w wype\u0142nianiu jej obowi\u0105zk\u00f3w wobec osoby z niepe\u0142nosprawno\u015bci\u0105 w domu i poza nim, r\u00f3wnie\u017c w sytuacjach kryzysowych,<\/li>\n<li>plac\u00f3wek sta\u0142ego i czasowego pobytu,<\/li>\n<li>informacji, doradztwa, poradnictwa, terapii psychologicznej, pomocy ofiarom przemocy i wypadk\u00f3w, itp.<\/li>\n<\/ul>\n<\/li>\n<\/ul>\n<ul>\n<li>Prowadzenie na zlecenie, w szczeg\u00f3lno\u015bci organ\u00f3w rz\u0105dowych i samorz\u0105dowych oraz ze \u015brodk\u00f3w w\u0142asnych, form nowatorskich i eksperymentalnych s\u0142u\u017c\u0105cych realizacji cel\u00f3w Stowarzyszenia.<\/li>\n<\/ul>\n<ul>\n<li>Okre\u015blanie i przestrzeganie wymaga\u0144 etycznych oraz dzia\u0142alno\u015b\u0107 informacyjna wobec cz\u0142onk\u00f3w i pracownik\u00f3w Stowarzyszenia, a w szczeg\u00f3lno\u015bci wobec pracuj\u0105cych bezpo\u015brednio z osobami z niepe\u0142nosprawno\u015bci\u0105 intelektualn\u0105.<\/li>\n<\/ul>\n<ul>\n<li>Zach\u0119canie r\u00f3\u017cnych os\u00f3b do podejmowania zada\u0144 w cha\u00adrakterze wolontariuszy oraz two\u00adrzenie warunk\u00f3w dla ich dzia\u0142alno\u015bci.<\/li>\n<\/ul>\n<ul>\n<li>Wsp\u00f3\u0142prac\u0119 z organami w\u0142adzy rz\u0105dowej, samorz\u0105dowej, organizacjami pozarz\u0105dowymi, Ko\u015bcio\u0142em Katolic\u00adkim i innymi zwi\u0105zkami wyzna\u00adnio\u00adwymi, a tak\u017ce plac\u00f3wkami, w tym naukowymi i oso\u00adbami fizycz\u00adnymi dla realizacji cel\u00f3w statutowych.<\/li>\n<\/ul>\n<ul>\n<li>Dzia\u0142alno\u015b\u0107 eksperck\u0105 i inspirowanie bada\u0144 naukowych w dziedzinie niepe\u0142nosprawno\u015bci intelektualnej oraz wsp\u00f3\u0142dzia\u0142anie w ich prowa\u00addzeniu, a tak\u017ce przyczy\u00adnianie si\u0119 do stosowania wynik\u00f3w bada\u0144 w prak\u00adtyce.<\/li>\n<\/ul>\n<ul>\n<li>Prowadzenie dzia\u0142alno\u015bci edukacyjnej i szkoleniowej oraz doskonalenia zawodowego w stosunku do os\u00f3b i grup, kt\u00f3rych wiedza, praca i zaanga\u017cowanie mog\u0105 by\u0107 przydatne do realizacji cel\u00f3w statutowych Stowarzyszenia, a w szczeg\u00f3lno\u015bci cz\u0142onk\u00f3w i pracownik\u00f3w Stowarzyszenia, pracownik\u00f3w ochrony zdrowia, edukacji, pomocy spo\u0142ecznej, wymiaru sprawiedliwo\u015bci, opiekun\u00f3w, asystent\u00f3w rodzin i os\u00f3b niepe\u0142nosprawnych oraz wolontariuszy.<\/li>\n<\/ul>\n<ul>\n<li>Prowadzenie dzia\u0142alno\u015bci wydawniczej.Prowadzenie dzia\u0142alno\u015bci informacyjnej, popularyza\u00adtorskiej i innej, mog\u0105cej wp\u0142ywa\u0107 na wzrost akceptacji i zrozumienia os\u00f3b z niepe\u0142nosprawno\u015bci\u0105 intelektualn\u0105.<\/li>\n<\/ul>\n<ul>\n<li>Wsp\u00f3\u0142prac\u0119 z organizacjami mi\u0119dzynarodowymi i zagra\u00adnicz\u00ad\u00adnymi, Uni\u0105 Europejsk\u0105 i krajami w niej stowarzyszonymi oraz spo\u0142eczno\u015bciami i instytucjami w r\u00f3\u017cnych krajach, zw\u0142aszcza europejskich.<\/li>\n<\/ul>\n<ul>\n<li>Gromadzenie funduszy na dzia\u0142alno\u015b\u0107 Stowarzyszenia.<\/li>\n<\/ul>\n<p><strong>Cz\u0142onkami Stowarzyszenia<\/strong> s\u0105 <em>(art.7 Statutu) <\/em>rodzice i opiekunowie prawni, osoby<br \/>\nz niepe\u0142nosprawno\u015bci\u0105 intelektualn\u0105, inni cz\u0142onkowie ich rodzin, a tak\u017ce przyjaciele,<br \/>\nw tym profesjonali\u015bci zaanga\u017cowani w prac\u0119 dla ich dobra.<\/p>\n","protected":false},"excerpt":{"rendered":"<p>Misj\u0105 Stowarzyszenia jest (art.3\u2018 Statutu): dbanie o godno\u015b\u0107, szcz\u0119\u015bcie i jako\u015b\u0107 \u017cycia os\u00f3b z niepe\u0142nosprawno\u015bci\u0105 intelektualn\u0105, ich r\u00f3wnoprawne miejsce w rodzinie i w spo\u0142ecze\u0144stwie, wspieranie rodzin os\u00f3b z niepe\u0142nosprawno\u015bci\u0105 intelektualn\u0105 we wszystkich obszarach \u017cycia i sytuacjach, a zw\u0142aszcza w ich gotowo\u015bci niesienia pomocy innym. Celem Stowarzyszenia jest (art.4 Statutu) dzia\u0142anie na rzecz wyr\u00f3wnywania szans os\u00f3b [&hellip;]<\/p>\n","protected":false},"author":1,"featured_media":0,"parent":0,"menu_order":0,"comment_status":"closed","ping_status":"closed","template":"","meta":[],"_links":{"self":[{"href":"http:\/\/zts.psoni.czest.pl\/index.php?rest_route=\/wp\/v2\/pages\/468"}],"collection":[{"href":"http:\/\/zts.psoni.czest.pl\/index.php?rest_route=\/wp\/v2\/pages"}],"about":[{"href":"http:\/\/zts.psoni.czest.pl\/index.php?rest_route=\/wp\/v2\/types\/page"}],"author":[{"embeddable":true,"href":"http:\/\/zts.psoni.czest.pl\/index.php?rest_route=\/wp\/v2\/users\/1"}],"replies":[{"embeddable":true,"href":"http:\/\/zts.psoni.czest.pl\/index.php?rest_route=%2Fwp%2Fv2%2Fcomments&post=468"}],"version-history":[{"count":1,"href":"http:\/\/zts.psoni.czest.pl\/index.php?rest_route=\/wp\/v2\/pages\/468\/revisions"}],"predecessor-version":[{"id":470,"href":"http:\/\/zts.psoni.czest.pl\/index.php?rest_route=\/wp\/v2\/pages\/468\/revisions\/470"}],"wp:attachment":[{"href":"http:\/\/zts.psoni.czest.pl\/index.php?rest_route=%2Fwp%2Fv2%2Fmedia&parent=468"}],"curies":[{"name":"wp","href":"https:\/\/api.w.org\/{rel}","templated":true}]}}

<p><strong>Misją Stowarzyszenia</strong> <strong>jest</strong> <em>(art.3<a href="https://psoni.org.pl/misja-stowarzyszenia/#_ftn1" name="_ftnref1"><strong>‘ </strong></a>Statutu)</em>:</p>
<ul>
<li><strong>dbanie o godność, szczęście i jakość życia osób z niepełnosprawnością intelektualną, ich równoprawne miejsce w rodzinie i w społeczeństwie,</strong></li>
<li><strong>wspieranie rodzin osób z niepełnosprawnością intelektualną we wszystkich obszarach życia i sytuacjach, a zwłaszcza w ich gotowości niesienia pomocy innym.</strong></li>
</ul>
<p><strong>Celem Stowarzyszenia</strong> jest <em>(</em><em>art.4 Statutu</em><em>)</em></p>
<p>działanie na rzecz wyrównywania szans osób z niepełnosprawnością intelektualną, tworzenia warun­ków prze­strzegania wobec nich praw człowieka, prowadzenia ich ku aktywnemu uczestnictwu w życiu społecznym, działanie na rzecz ochrony ich zdrowia oraz wspie­ranie ich rodzin.</p>
<p><strong>Cele Stowarzyszenie realizuje</strong> przez <em>(</em><em>art.5 Statutu</em><em>)</em><em>:</em></p>
<ul>
<li>Inicjowanie i występowanie z wnioskami o uregulowania prawne gwarantujące przestrzeganie praw człowieka wobec osób z niepełnosprawnością intelektualną i zaspokajanie ich po­trzeb w zakresie opieki medycznej, rehabilitacji, edukacji, szkolenia zawodowego i ustawicznego, pracy, miesz­kalnictwa, niezbędnej opieki, udziału w kulturze i rekreacji w in­tegracji z otwartym środowiskiem, a także wspierania w samodzielnym, niezależnym życiu oraz zabezpieczenia socjalnego, ochrony i pomocy prawnej.</li>
</ul>
<ul>
<li>Inicjowanie i występowanie z wnioskami o uregulowania prawne w zakresie niezbędnych form pomocy dla rodzin i opie­kunów osób z niepełnosprawnością intelektualną.</li>
</ul>
<ul>
<li>Inicjowanie i występowanie z wnioskami o uregulowania prawne w sprawie tworzenia dzieciom i dorosłym osobom z niepełnosprawnością intelektualną, przebywającym w placówkach opieki całkowitej, sprzyjających warunków rozwoju, godnego życia w integracji z otwartym środowiskiem tak dalece, jak tylko jest to możliwe oraz przestrzegania wobec nich praw człowieka.</li>
</ul>
<ul>
<li>Tworzenie osobom z niepełnosprawnością intelektualną warun­­ków decydowania w swoich sprawach zarówno w ro­dzinach, jak i w placówkach oraz w formach wsparcia, z których korzystają.</li>
</ul>
<ul>
<li>Udzielanie wsparcia swoim członkom z niepełnosprawnością intelektualną, aby sami mogli występować w swoim imie­niu, mię­dzy innymi poprzez doradztwo, szkolenie, asystowa­nie i opiekę prawną, a także występowanie w interesie indywidualnych osób z niepełnosprawnością intelektualną.</li>
</ul>
<ul>
<li>Tworzenie warunków włączania dzieci, młodzieży i dorosłych, jako indywidualnych osób i jako grup, w tok normalnego życia, korzystania przez nich z ogólnodostępnej infrastruktury społecznej i form życia społecznego, z zapewnieniem im, w razie potrzeby, odpowied­niego wsparcia, zwłaszcza w postaci specjalistycznej pomocy, doradztwa i asysty.</li>
</ul>
<ul>
<li>Prowadzenie różnorodnych usług, m.in. w formie placówek i zespołów kompleksowej, wielospecjalistycznej pomocy, w szczególności w zakresie wczesnej interwencji, rehabilitacji, działalności leczniczej, terapii, edukacji, rewalidacji i wychowania, m.in. w ramach wychowania przedszkolnego, wczesnego wspomagania rozwoju, realizacji obowiązku szkolnego i obowiązku nauki, a także edukacji obywatelskiej, wypoczynku oraz działalności rehabilitacyjno-rekreacyjnej, kulturalnej, sportowej i innej wynikającej z idei aktywnego życia przy pełnym włączeniu w życie grup rówieśniczych i lokalnej społeczności; organizowanie dowozu itp., z uwzględnieniem niezbędnej opieki we wszystkich formach.</li>
</ul>
<ul>
<li>Prowadzenie dla osób dorosłych form indywidualnego wsparcia w niezależnym, samodzielnym życiu (m. in. w formie asystenta osobistego), różnych form mieszkalnictwa, w tym chronionego i wspomaganego, szkolenia zawodowego i przygotowania do pracy oraz aktywnego poszukiwania i pośrednictwa pracy, zatrudnienia chronionego i wspomaga­nego na otwartym rynku pracy, a także edukacji ustawicznej.</li>
</ul>
<ul>
<li>Inicjowanie i prowadzenie różnorodnych form pomocy rodzinom, a w szczególności:
<ul>
<li>grup samopomocowych,</li>
<li>grup wsparcia,</li>
<li>usług wspomagających rodzinę w wypełnianiu jej obowiązków wobec osoby z niepełnosprawnością w domu i poza nim, również w sytuacjach kryzysowych,</li>
<li>placówek stałego i czasowego pobytu,</li>
<li>informacji, doradztwa, poradnictwa, terapii psychologicznej, pomocy ofiarom przemocy i wypadków, itp.</li>
</ul>
</li>
</ul>
<ul>
<li>Prowadzenie na zlecenie, w szczególności organów rządowych i samorządowych oraz ze środków własnych, form nowatorskich i eksperymentalnych służących realizacji celów Stowarzyszenia.</li>
</ul>
<ul>
<li>Określanie i przestrzeganie wymagań etycznych oraz działalność informacyjna wobec członków i pracowników Stowarzyszenia, a w szczególności wobec pracujących bezpośrednio z osobami z niepełnosprawnością intelektualną.</li>
</ul>
<ul>
<li>Zachęcanie różnych osób do podejmowania zadań w cha­rakterze wolontariuszy oraz two­rzenie warunków dla ich działalności.</li>
</ul>
<ul>
<li>Współpracę z organami władzy rządowej, samorządowej, organizacjami pozarządowymi, Kościołem Katolic­kim i innymi związkami wyzna­nio­wymi, a także placówkami, w tym naukowymi i oso­bami fizycz­nymi dla realizacji celów statutowych.</li>
</ul>
<ul>
<li>Działalność ekspercką i inspirowanie badań naukowych w dziedzinie niepełnosprawności intelektualnej oraz współdziałanie w ich prowa­dzeniu, a także przyczy­nianie się do stosowania wyników badań w prak­tyce.</li>
</ul>
<ul>
<li>Prowadzenie działalności edukacyjnej i szkoleniowej oraz doskonalenia zawodowego w stosunku do osób i grup, których wiedza, praca i zaangażowanie mogą być przydatne do realizacji celów statutowych Stowarzyszenia, a w szczególności członków i pracowników Stowarzyszenia, pracowników ochrony zdrowia, edukacji, pomocy społecznej, wymiaru sprawiedliwości, opiekunów, asystentów rodzin i osób niepełnosprawnych oraz wolontariuszy.</li>
</ul>
<ul>
<li>Prowadzenie działalności wydawniczej.Prowadzenie działalności informacyjnej, popularyza­torskiej i innej, mogącej wpływać na wzrost akceptacji i zrozumienia osób z niepełnosprawnością intelektualną.</li>
</ul>
<ul>
<li>Współpracę z organizacjami międzynarodowymi i zagra­nicz­­nymi, Unią Europejską i krajami w niej stowarzyszonymi oraz społecznościami i instytucjami w różnych krajach, zwłaszcza europejskich.</li>
</ul>
<ul>
<li>Gromadzenie funduszy na działalność Stowarzyszenia.</li>
</ul>
<p><strong>Członkami Stowarzyszenia</strong> są <em>(art.7 Statutu) </em>rodzice i opiekunowie prawni, osoby<br />
z niepełnosprawnością intelektualną, inni członkowie ich rodzin, a także przyjaciele,<br />
w tym profesjonaliści zaangażowani w pracę dla ich dobra.</p>

<p>Misją Stowarzyszenia jest (art.3‘ Statutu): dbanie o godność, szczęście i jakość życia osób z niepełnosprawnością intelektualną, ich równoprawne miejsce w rodzinie i w społeczeństwie, wspieranie rodzin osób z niepełnosprawnością intelektualną we wszystkich obszarach życia i sytuacjach, a zwłaszcza w ich gotowości niesienia pomocy innym. Celem Stowarzyszenia jest (art.4 Statutu) działanie na rzecz wyrównywania szans osób [&hellip;]</p>
